{"id":13,"date":"2020-09-08T22:07:04","date_gmt":"2020-09-08T20:07:04","guid":{"rendered":"https:\/\/jumeldemenagement.fr\/?page_id=13"},"modified":"2020-10-08T19:10:24","modified_gmt":"2020-10-08T17:10:24","slug":"transport","status":"publish","type":"page","link":"https:\/\/jumeldemenagement.fr\/index.php\/transport\/","title":{"rendered":"Votre transport professionnel"},"content":{"rendered":"<div id=\"pl-gb13-69f5a0ba1cd35\"  class=\"panel-layout\" ><div id=\"pg-gb13-69f5a0ba1cd35-0\"  class=\"panel-grid panel-no-style\" ><div id=\"pgc-gb13-69f5a0ba1cd35-0-0\"  class=\"panel-grid-cell panel-grid-cell-mobile-last\" ><div id=\"panel-gb13-69f5a0ba1cd35-0-0-0\" class=\"so-panel widget widget_sow-editor panel-first-child panel-last-child\" data-index=\"0\" ><div class=\"so-widget-sow-editor so-widget-sow-editor-base\">\n<div class=\"siteorigin-widget-tinymce textwidget\">\n\t<p><strong>Bienvenue chez Jumel Transport<\/strong><\/p>\n<p>Soci\u00e9t\u00e9 implant\u00e9e \u00e0 Chilly-Mazarin depuis 2013 en tant que transporteur de marchandises, notre politique qualit\u00e9 est ax\u00e9e vers nos clients. Ce qu\u2019ils attendent de nous est d\u2019\u00eatre conseill\u00e9s, et orient\u00e9s. Nous nous devons d\u2019\u00eatre \u00e0 l\u2019\u00e9coute de nos clients avec rigueur et professionnalisme pour nous adapter \u00e0 leurs besoins, les anticiper et construire avec eux une relation solide et de longue dur\u00e9e.<\/p>\n<p><strong>Nous poss\u00e9dons une \u00e9quipe dynamique, chaleureuse et ponctuelle pour tous vos besoins.<\/strong><\/p>\n<p>Nous mettons \u00e0 votre disposition 4 v\u00e9hicules en 20 m3 avec hayon mais \u00e9galement 1 v\u00e9hicule en 25 m3 avec hayon.<\/p>\n<p>Nous sommes sp\u00e9cialis\u00e9s dans la livraison de colis, mais aussi et principalement de palettes aussi bien pour des particuliers que pour des professionnels et nous livrons en Ile de France et partout en France. Nous organisons l\u2019acheminement de vos marchandises et assurons le suivi et la bonne ex\u00e9cution du transport.<\/p>\n<p>Nous intervenons dans l\u2019urgence si besoin et nous sommes joignables \u00e0 toute heure<\/p>\n<p><strong>Une livraison en urgence ?<\/strong><\/p>\n<p>Jumel Transport est l\u00e0 pour vous.<\/p>\n<p>Nous chargeons et livrons sans rupture de charge et dans la foul\u00e9e.<\/p>\n<p>Pas de temps \u00e0 perdre\u00a0! Appelez-nous pour un devis ou un renseignement au <strong>01 77 06 34 57 <\/strong>ou<strong>\u00a006 18 20 19 56.<\/strong><\/p>\n<p>&nbsp;<\/p>\n<\/div>\n<\/div><\/div><\/div><div id=\"pgc-gb13-69f5a0ba1cd35-0-1\"  class=\"panel-grid-cell panel-grid-cell-empty\" ><\/div><\/div><\/div>","protected":false},"excerpt":{"rendered":"","protected":false},"author":1,"featured_media":0,"parent":0,"menu_order":0,"comment_status":"closed","ping_status":"closed","template":"","meta":{"footnotes":""},"_links":{"self":[{"href":"https:\/\/jumeldemenagement.fr\/index.php\/wp-json\/wp\/v2\/pages\/13"}],"collection":[{"href":"https:\/\/jumeldemenagement.fr\/index.php\/wp-json\/wp\/v2\/pages"}],"about":[{"href":"https:\/\/jumeldemenagement.fr\/index.php\/wp-json\/wp\/v2\/types\/page"}],"author":[{"embeddable":true,"href":"https:\/\/jumeldemenagement.fr\/index.php\/wp-json\/wp\/v2\/users\/1"}],"replies":[{"embeddable":true,"href":"https:\/\/jumeldemenagement.fr\/index.php\/wp-json\/wp\/v2\/comments?post=13"}],"version-history":[{"count":5,"href":"https:\/\/jumeldemenagement.fr\/index.php\/wp-json\/wp\/v2\/pages\/13\/revisions"}],"predecessor-version":[{"id":464,"href":"https:\/\/jumeldemenagement.fr\/index.php\/wp-json\/wp\/v2\/pages\/13\/revisions\/464"}],"wp:attachment":[{"href":"https:\/\/jumeldemenagement.fr\/index.php\/wp-json\/wp\/v2\/media?parent=13"}],"curies":[{"name":"wp","href":"https:\/\/api.w.org\/{rel}","templated":true}]}}

<div id="pl-gb13-69f5a0ba1cd35"  class="panel-layout" ><div id="pg-gb13-69f5a0ba1cd35-0"  class="panel-grid panel-no-style" ><div id="pgc-gb13-69f5a0ba1cd35-0-0"  class="panel-grid-cell panel-grid-cell-mobile-last" ><div id="panel-gb13-69f5a0ba1cd35-0-0-0" class="so-panel widget widget_sow-editor panel-first-child panel-last-child" data-index="0" ><div class="so-widget-sow-editor so-widget-sow-editor-base">
<div class="siteorigin-widget-tinymce textwidget">
	<p><strong>Bienvenue chez Jumel Transport</strong></p>
<p>Société implantée à Chilly-Mazarin depuis 2013 en tant que transporteur de marchandises, notre politique qualité est axée vers nos clients. Ce qu’ils attendent de nous est d’être conseillés, et orientés. Nous nous devons d’être à l’écoute de nos clients avec rigueur et professionnalisme pour nous adapter à leurs besoins, les anticiper et construire avec eux une relation solide et de longue durée.</p>
<p><strong>Nous possédons une équipe dynamique, chaleureuse et ponctuelle pour tous vos besoins.</strong></p>
<p>Nous mettons à votre disposition 4 véhicules en 20 m3 avec hayon mais également 1 véhicule en 25 m3 avec hayon.</p>
<p>Nous sommes spécialisés dans la livraison de colis, mais aussi et principalement de palettes aussi bien pour des particuliers que pour des professionnels et nous livrons en Ile de France et partout en France. Nous organisons l’acheminement de vos marchandises et assurons le suivi et la bonne exécution du transport.</p>
<p>Nous intervenons dans l’urgence si besoin et nous sommes joignables à toute heure</p>
<p><strong>Une livraison en urgence ?</strong></p>
<p>Jumel Transport est là pour vous.</p>
<p>Nous chargeons et livrons sans rupture de charge et dans la foulée.</p>
<p>Pas de temps à perdre ! Appelez-nous pour un devis ou un renseignement au <strong>01 77 06 34 57 </strong>ou<strong> 06 18 20 19 56.</strong></p>
<p>&nbsp;</p>
</div>
</div></div></div><div id="pgc-gb13-69f5a0ba1cd35-0-1"  class="panel-grid-cell panel-grid-cell-empty" ></div></div></div>
